{"id":2,"date":"2023-10-14T13:52:22","date_gmt":"2023-10-14T11:52:22","guid":{"rendered":"https:\/\/lesphoenix.online\/espacemembres\/?page_id=2"},"modified":"2023-10-15T15:38:13","modified_gmt":"2023-10-15T13:38:13","slug":"accueil","status":"publish","type":"page","link":"https:\/\/lesphoenix.online\/espacemembres\/","title":{"rendered":"Accueil"},"content":{"rendered":"\n<blockquote class=\"wp-block-quote\">\n<p>Bonjour&nbsp;! Vous \u00eates sur la page d&#8217;accueil de la zone priv\u00e9e du site d\u00e9di\u00e9 \u00e0 nos Majorettes Les Phoenix. Si vous n&#8217;\u00eates pas membre et souhaitez plus de renseignements, rendez vous sur notre site public en <a href=\"https:\/\/lesphoenix.online\/\">cliquant ici.<\/a><\/p>\n\n\n\n<p>Si vous \u00eates membre, connectez vous en utilisant l&#8217;onglet du menu en haut <a href=\"https:\/\/lesphoenix.online\/espacemembres\/index.php\/login\/\">&#8220;Connexion&#8221;<\/a>.<\/p>\n<\/blockquote>\n\n\n\n<h2 class=\"wp-block-heading\">Ch\u00e8re majorette (ou major) Les Phoenix, nous vous souhaitons une bonne visite sur votre espace VIP et un bon entra\u00eenement !<\/h2>\n","protected":false},"excerpt":{"rendered":"<p>Bonjour&nbsp;! Vous \u00eates sur la page d&#8217;accueil de la zone priv\u00e9e du site d\u00e9di\u00e9 \u00e0<\/p>\n","protected":false},"author":1,"featured_media":0,"parent":0,"menu_order":0,"comment_status":"closed","ping_status":"closed","template":"elementor_theme","meta":{"footnotes":""},"_links":{"self":[{"href":"https:\/\/lesphoenix.online\/espacemembres\/index.php\/wp-json\/wp\/v2\/pages\/2"}],"collection":[{"href":"https:\/\/lesphoenix.online\/espacemembres\/index.php\/wp-json\/wp\/v2\/pages"}],"about":[{"href":"https:\/\/lesphoenix.online\/espacemembres\/index.php\/wp-json\/wp\/v2\/types\/page"}],"author":[{"embeddable":true,"href":"https:\/\/lesphoenix.online\/espacemembres\/index.php\/wp-json\/wp\/v2\/users\/1"}],"replies":[{"embeddable":true,"href":"https:\/\/lesphoenix.online\/espacemembres\/index.php\/wp-json\/wp\/v2\/comments?post=2"}],"version-history":[{"count":0,"href":"https:\/\/lesphoenix.online\/espacemembres\/index.php\/wp-json\/wp\/v2\/pages\/2\/revisions"}],"wp:attachment":[{"href":"https:\/\/lesphoenix.online\/espacemembres\/index.php\/wp-json\/wp\/v2\/media?parent=2"}],"curies":[{"name":"wp","href":"https:\/\/api.w.org\/{rel}","templated":true}]}}