{"id":20,"date":"2023-10-14T15:21:07","date_gmt":"2023-10-14T13:21:07","guid":{"rendered":"https:\/\/lesphoenix.online\/espacemembres\/?page_id=20"},"modified":"2023-10-15T16:47:03","modified_gmt":"2023-10-15T14:47:03","slug":"videos","status":"publish","type":"page","link":"https:\/\/lesphoenix.online\/espacemembres\/index.php\/videos\/","title":{"rendered":"Vid\u00e9os"},"content":{"rendered":"<p>Vous n'\u00eates pas connect\u00e9 \u00e0 votre espace membre.<\/p>","protected":false},"excerpt":{"rendered":"","protected":false},"author":1,"featured_media":0,"parent":0,"menu_order":0,"comment_status":"closed","ping_status":"closed","template":"","meta":{"footnotes":""},"_links":{"self":[{"href":"https:\/\/lesphoenix.online\/espacemembres\/index.php\/wp-json\/wp\/v2\/pages\/20"}],"collection":[{"href":"https:\/\/lesphoenix.online\/espacemembres\/index.php\/wp-json\/wp\/v2\/pages"}],"about":[{"href":"https:\/\/lesphoenix.online\/espacemembres\/index.php\/wp-json\/wp\/v2\/types\/page"}],"author":[{"embeddable":true,"href":"https:\/\/lesphoenix.online\/espacemembres\/index.php\/wp-json\/wp\/v2\/users\/1"}],"replies":[{"embeddable":true,"href":"https:\/\/lesphoenix.online\/espacemembres\/index.php\/wp-json\/wp\/v2\/comments?post=20"}],"version-history":[{"count":0,"href":"https:\/\/lesphoenix.online\/espacemembres\/index.php\/wp-json\/wp\/v2\/pages\/20\/revisions"}],"wp:attachment":[{"href":"https:\/\/lesphoenix.online\/espacemembres\/index.php\/wp-json\/wp\/v2\/media?parent=20"}],"curies":[{"name":"wp","href":"https:\/\/api.w.org\/{rel}","templated":true}]}}